28487, i + 14982 = 2*z. List the prime factors of z.
2, 1873
Suppose 5*x + 11 = -4*n + 4, 0 = 5*n + 3*x + 12. Let c(a) = a**2 + 8*a + 14. Let j be c(-6). List the prime factors of 3 + (j + n)*-116.
7, 17
Let l(x) = -6*x + 3 + x + 156*x**2 + x. Suppose -2 = -y - 0, 2*q = 3*y - 4. What are the prime factors of l(q)?
5, 31
Suppose -5*a + 2677 + 9719 = 2*u, -u - 9*a + 6211 = 0. What are the prime factors of u?
11, 563
What are the prime factors of 15 + 1764/(-120) + (-1761261)/(-30)?
7, 8387
Suppose -86*m = -746360 - 1509678. List the prime factors of m.
37, 709
Let d = -5997 + 13319. List the prime factors of d.
2, 7, 523
Suppose -3*y = 47*s - 43*s - 127742, 212922 = 5*y + 4*s. List the prime factors of y.
2, 5, 4259
Suppose -97*v = -28*v - 32292. What are the prime factors of v?
2, 3, 13
Let o = -4750 - -2130. Let r = -1474 - o. What are the prime factors of r?
2, 3, 191
Let a(n) = -3 + 13*n - 1 + n**3 - 21*n**2 - 35*n - 2*n**3. Suppose -18*i = 8*i + 520. What are the prime factors of a(i)?
2, 3
Suppose -12*r = -5 - 19. Suppose 238 = 3*t - v, -2*t + 339 = r*t + 3*v. Suppose -3*c + 3*n + t = 0, -c - 5*n + 145 = 4*c. List the prime factors of c.
2, 7
Let y(s) = 7*s**2 - 26*s + 83. Let p be y(15). Suppose -5*n + u = -5796, -2*n - 4*u + 1046 = -p. List the prime factors of n.
19, 61
Suppose -g = 5*j, 0 = -j - 2*j + 4*g. Suppose j = -12*b + 1583 + 493. Let l = b + -87. What are the prime factors of l?
2, 43
Let c be (10/8)/(4/(-2976)). Let x = c - -1124. What are the prime factors of x?
2, 97
Suppose 178*q = 184*q - 29670. What are the prime factors of q?
5, 23, 43
Let g = 83 + -47. Suppose 3*z - g = -z. Suppose -219 = -z*c + 438. What are the prime factors of c?
73
Suppose -5*d + 10317 = -3*n, 21*n + 17226 = 16*n - 2*d. Let q = -2430 - n. What are the prime factors of q?
2, 3, 13
Suppose -4767 + 1157 = -5*b. Suppose -j = 3*j - 8, 3*c + 4*j = b. What are the prime factors of c?
2, 7, 17
Suppose 16*c - 39*c = 79*c - 1282344. What are the prime factors of c?
2, 7, 449
Let c = -137 - -158. Suppose 11025 = c*l + 14*l. What are the prime factors of l?
3, 5, 7
Let f be -3 + ((-2164)/6 - (-2 + (-28)/(-12))). Let o be 4/6*1*-3. List the prime factors of (((-15)/(-2))/5)/(o/f).
3, 7, 13
Let j be 80/4 - 0 - 0. What are the prime factors of (150/j)/((-6)/(-280))?
2, 5, 7
Let x(g) = 9*g - 7. Let o be x(1). What are the prime factors of (5395/(-39))/(o/(-6))?
5, 83
Suppose -1018 = 9*u - 3934. Suppose 3*s + 998 = 3*a + 2*a, -5*a + 1002 = -2*s. Let q = u - a. What are the prime factors of q?
2, 61
Let h(r) = -r**2 - 12*r - 27. Let k be h(-7). What are the prime factors of 378/1*12/k?
3, 7
Suppose -1069 - 1271 = 5*m + 5*z, 1862 = -4*m + z. List the prime factors of (-9 + 7)*m/4*1.
233
Suppose -r + 122752 = 2*i + 3*r, 2*r = -2*i + 122754. What are the prime factors of i?
2, 30689
Let c = 3363 - -2728. What are the prime factors of c?
6091
Suppose -3*s + 4*f = -468 - 453, 3*s + 5*f = 921. Suppose -18*i + w = -19*i + s, 4*i = -3*w + 1224. List the prime factors of i.
3, 101
Suppose 8*t = 10 + 14. Suppose 2*q = y + 736, q = -t*y + 244 + 110. List the prime factors of q.
2, 3, 61
Let v(r) be the second derivative of 5*r**4/12 + r**3/6 + 23*r**2/2 + 107*r. List the prime factors of v(-12).
17, 43
Suppose 22*r + 482010 - 245725 = 1649763. List the prime factors of r.
47, 1367
Let s(u) be the second derivative of -u**5/20 + u**4/12 + u**3/3 + 552*u**2 - u. Let r be s(0). List the prime factors of (-2 - (-39)/15) + r/10.
3, 37
Let y = 5924 + -2989. List the prime factors of y.
5, 587
Let v(x) = -x**3 + 13*x**2 - 2*x - 5. Let n be v(12). Let u = -45 + n. List the prime factors of u.
2, 5, 7
Suppose 52368 = -41*f + 42*f - 3*h, 4*f - 3*h - 209481 = 0. What are the prime factors of ((-20)/3 - 0)*f/(-506)?
2, 3, 5, 23
Let h(w) = -3*w**3 - 11*w**3 - 2 + 2*w + 0 + 15*w**3 - 13*w**2. Suppose q = -5*l - 7, 3*q - 3*l - 46 = 5. What are the prime factors of h(q)?
2, 3
Suppose -171*a + 12845 = -166*a. Suppose -2353 = -23*z + a. List the prime factors of z.
2, 107
Suppose -2*n = 3*n. Let d be n + (-2)/(-3)*3. Suppose -4*y - 134 = -r, -y = -d*r + 246 + 43. What are the prime factors of r?
2, 73
Let s(g) = 12*g**2 + 3*g**3 - 2*g**3 - 14*g + 19 - 6*g. Suppose -d + 20 = 2*r + 48, 2*r + 4*d + 40 = 0. What are the prime factors of s(r)?
7, 37
Let b = 21 - 15. Let d(w) = w**3 - 8*w**2 + 7*w + 6. Let t be d(b). List the prime factors of (-9)/(-4)*(-832)/t.
2, 3, 13
Let b = 9823 + -6571. Suppose 0 = -2*a - 414 + b. List the prime factors of a.
3, 11, 43
Suppose 4*b + 24380 = 5*d, 68*b - d + 24396 = 64*b. Let v = -4117 - b. List the prime factors of v.
3, 661
Suppose -11 = -5*j + 19. Let k(r) = -1 + j*r**2 - 6 - 4*r**2. What are the prime factors of k(-3)?
11
Let y = 413 + -207. Suppose -81 = -4*b - 617. Let r = y + b. What are the prime factors of r?
2, 3
Let c be -1 + (-5)/(-6) + (-16695)/(-54). Let b = 878 + c. List the prime factors of b.
1187
Suppose 5*z = 3*c - 26, 0 = 3*c + z - 3 + 1. Suppose 10*i - 5*i = 2*k + 50, -i - c*k - 2 = 0. Suppose -i*p = -10*p + 50. List the prime factors of p.
5
Let h(t) = 19*t**2 - t + 1. Let j be h(1). Suppose 7*r + 2*r - 45 = 0. Let c = j - r. What are the prime factors of c?
2, 7
Suppose -4*y - v + 48834 = 0, y - v + 5*v = 12216. What are the prime factors of y?
2, 7, 109
Suppose -2*a = -2*v - 6*a - 18, 3*v - 2*a = -35. Let u(q) = 14 - 12*q**2 + 26*q**2 - 5*q**2 - 8*q**2 + 5*q. What are the prime factors of u(v)?
2, 5
What are the prime factors of 4250 - ((7 - -14) + -9)?
2, 13, 163
Let n be (-496)/3*6/(-10)*5. Let j = -184 + n. List the prime factors of j.
2, 3, 13
Let t(y) = 2*y**2 + 49*y - 916. What are the prime factors of t(33)?
2879
Let l be 135 + 6/((-8)/(-4)). Let j be (-3)/(l/36 + -5 + 1). What are the prime factors of (j/12)/((-9)/116)*-6?
2, 29
Suppose 10 = 5*b - 5*m, 3*m = 4*b + b - 14. Let u be 0 - b/(-22) - 1432/11. Let y = -61 - u. What are the prime factors of y?
3, 23
Let g = -81 + 144. Let i = g - -27. Let m = i + 38. List the prime factors of m.
2
Suppose 73*v - 1686539 = 349726 + 79421. What are the prime factors of v?
2, 43, 337
List the prime factors of 18/3 + 11810 + 6*(-8)/24.
2, 3, 11, 179
Suppose 121*p = 52*p - 157543 + 805453. What are the prime factors of p?
2, 3, 5, 313
Suppose 0 = 13*s + 8*s + 8211. Let z = 246 - s. List the prime factors of z.
7, 13
Suppose -2*a + 1139 + 1785 = -5*b, b = -a + 1469. List the prime factors of a.
3, 163
Suppose -9*p + 352 = -17*p. Let s be 3/2 + (-22)/p. What are the prime factors of (-2 - s)*(3 - 93/12)?
19
Suppose n - 95 = 425. Let r = -72 - -42. What are the prime factors of (n/r)/((-2)/3)?
2, 13
Let p be 33/330 - 129/(-10). Suppose 7*l + p*l = 4060. What are the prime factors of l?
7, 29
Let q(c) = -8*c**3 + 318*c**2 - 17*c + 25. List the prime factors of q(39).
2, 1061
Suppose -s + 3*a = -197, 0 = -s - 3*a + 2 + 165. Suppose -n + 1409 = s. What are the prime factors of n?
3, 409
Let c(f) = -f**2 - 3*f + 17. Suppose y + 0*h - 2*h + 12 = 0, -5*h = 3*y - 8. Let x be c(y). Suppose -5*p - x + 48 = 0. What are the prime factors of p?
7
Let j(h) = -4*h - 25. Let g be j(-5). List the prime factors of (-613)/g - (3/5 - 1).
3, 41
Suppose 2*g + 6*g = 0. Let n(j) be the second derivative of -j**4/12 + j**3/3 + 58*j**2 + j. What are the prime factors of n(g)?
2, 29
Let n(o) = -o**3 - 11*o**2 + 4. Let c be n(-11). Suppose 3*f + 33 = c*d, -2*f = -3*f - 3. What are the prime factors of 40*(-12)/9*(-9)/d?
2, 5
Let v be (-3)/4 + (-1)/((-4)/63). Suppose 206 = s + v. List the prime factors of s.
191
Suppose 7973220 = 320*z - 937500. What are the prime factors of z?
2, 3, 7, 13, 17
Suppose -45 = -2*h + 17. Suppose 33 = 2*o - h. Suppose 2*m = 4*q - o + 266, 2*m - 224 = -q. What are the prime factors of m?
113
Suppose -883*a = x - 880*a - 16798, 0 = 5*x - 2*a - 84024. What are the prime factors of x?
2, 4201
Suppose 6 - 18 = -4*a, -4*x - 5*a = -103. Let h = -18 + x. Suppose 76 = 2*d - 3*m, h*m + m + 10 = 0. What are the prime factors of d?
5, 7
Suppose 2*h = -31*z + 28*z + 112820, 5*h = 35. What are the prime factors of z?
2, 3, 2089
Suppose -14*f - 57 = 5*f. List the prime factors of ((-15)/20 - 0)/(f/828).
3, 23
Suppose 43*u - 54016 - 26021 = 99789. What are the prime factors of u?
2, 3, 17, 41
Let m = 48 + -